 digit of 379?
9
What is the units digit of 2292?
2
What is the tens digit of 442?
4
What is the units digit of 3433?
3
What is the tens digit of 160242?
4
What is the hundreds digit of 201396?
3
What is the thousands digit of 1554?
1
What is the hundreds digit of 733?
7
What is the hundreds digit of 13756?
7
What is the hundreds digit of 1401?
4
What is the tens digit of 31878?
7
What is the hundreds digit of 620?
6
What is the tens digit of 45915?
1
What is the units digit of 22180?
0
What is the hundreds digit of 63155?
1
What is the hundreds digit of 2412?
4
What is the tens digit of 6298?
9
What is the tens digit of 1468?
6
What is the ten thousands digit of 11284?
1
What is the hundreds digit of 27990?
9
What is the tens digit of 7887?
8
What is the tens digit of 5933?
3
What is the thousands digit of 24721?
4
What is the units digit of 15712?
2
What is the hundreds digit of 3692?
6
What is the units digit of 792?
2
What is the hundreds digit of 914?
9
What is the thousands digit of 7792?
7
What is the units digit of 27571?
1
What is the units digit of 2815?
5
What is the thousands digit of 2271?
2
What is the thousands digit of 1461?
1
What is the tens digit of 33172?
7
What is the thousands digit of 6617?
6
What is the units digit of 1000?
0
What is the hundreds digit of 15972?
9
What is the hundreds digit of 2972?
9
What is the tens digit of 948?
4
What is the units digit of 54643?
3
What is the hundreds digit of 6102?
1
What is the hundreds digit of 14761?
7
What is the ten thousands digit of 11677?
1
What is the hundreds digit of 700?
7
What is the units digit of 7812?
2
What is the units digit of 692?
2
What is the hundreds digit of 3093?
0
What is the hundreds digit of 925?
9
What is the hundreds digit of 447?
4
What is the ten thousands digit of 15971?
1
What is the thousands digit of 42828?
2
What is the hundreds digit of 525?
5
What is the hundreds digit of 1011?
0
What is the tens digit of 221?
2
What is the ten thousands digit of 12472?
1
What is the hundreds digit of 143?
1
What is the units digit of 21987?
7
What is the hundreds digit of 492?
4
What is the thousands digit of 5687?
5
What is the hundreds digit of 810?
8
What is the tens digit of 1056?
5
What is the hundreds digit of 735?
7
What is the units digit of 44702?
2
What is the tens digit of 4946?
4
What is the thousands digit of 21415?
1
What is the ten thousands digit of 93251?
9
What is the units digit of 34519?
9
What is the units digit of 5226?
6
What is the tens digit of 2833?
3
What is the tens digit of 677?
7
What is the hundreds digit of 5827?
8
What is the hundreds digit of 7184?
1
What is the tens digit of 13710?
1
What is the thousands digit of 60344?
0
What is the ten thousands digit of 17478?
1
What is the ten thousands digit of 11687?
1
What is the thousands digit of 5909?
5
What is the tens digit of 34920?
2
What is the tens digit of 27457?
5
What is the thousands digit of 13157?
3
What is the units digit of 51753?
3
What is the tens digit of 875?
7
What is the units digit of 1075?
5
What is the units digit of 2508?
8
What is the units digit of 39194?
4
What is the tens digit of 207?
0
What is the tens digit of 16008?
0
What is the hundreds digit of 2566?
5
What is the hundreds digit of 9103?
1
What is the hundred thousands digit of 131356?
1
What is the ten thousands digit of 66168?
6
What is the hundreds digit of 674?
6
What is the tens digit of 181?
8
What is the hundreds digit of 28069?
0
What is the tens digit of 4178?
7
What is the tens digit of 961?
6
What is the units digit of 1907?
7
What is the tens digit of 2997?
9
What is the hundreds digit of 4811?
8
What is the units digit of 13293?
3
What is the hundreds digit of 12693?
6
What is the tens digit of 10822?
2
What is the thousands digit of 24256?
4
What is the thousands digit of 2359?
2
What is the thousands digit of 22252?
2
What is the hundreds digit of 4890?
8
What is the tens digit of 41159?
5
What is the thousands digit of 4149?
4
What is the tens digit of 238?
3
What is the thousands digit of 3084?
3
What is the hundreds digit of 22925?
9
What is the hundreds digit of 27543?
5
What is the hundreds digit of 49937?
9
What is the units digit of 4734?
4
What is the tens digit of 938?
3
What is the hundreds digit of 15358?
3
What is the tens digit of 1768?
6
What is the ten thousands digit of 104509?
0
What is the tens digit of 127354?
5
What is the tens digit of 3311?
1
What is the units digit of 51?
1
What is the tens digit of 14383?
8
What is the thousands digit of 2662?
2
What is the units digit of 1071?
1
What is the hundreds digit of 447?
4
What is the units digit of 535?
5
What is the hundreds digit of 74028?
0
What is the thousands digit of 48461?
8
What is the tens digit of 433?
3
What is the units digit of 639?
9
What is the hundreds digit of 5949?
9
What is the tens digit of 1292?
9
What is the hundred thousands digit of 138488?
1
What is the thousands digit of 1875?
1
What is the tens digit of 2283?
8
What is the units digit of 8964?
4
What is the units digit of 25594?
4
What is the thousands digit of 14522?
4
What is the hundreds digit of 4533?
5
What is the thousands digit of 1417?
1
What is the thousands digit of 4455?
4
What is the thousands digit of 6098?
6
What is the thousands digit of 6295?
6
What is the units digit of 742?
2
What is the units digit of 8049?
9
What is the hundreds digit of 37940?
9
What is the thousands digit of 25125?
5
What is the units digit of 384?
4
What is the hundreds digit of 12855?
8
What is the tens digit of 3327?
2
What is the hundreds digit of 334?
3
What is the units digit of 8867?
7
What is the tens digit of 17?
1
What is the tens digit of 7099?
9
What is the hundreds digit of 294?
2
What is the ten thousands digit of 10042?
1
What is the thousands digit of 92203?
2
What is the tens digit of 3294?
9
What is the thousands digit of 24568?
4
What is the units digit of 120024?
4
What is the tens digit of 146?
4
What is the hundreds digit of 2110?
1
What is the hundreds digit of 17456?
4
What is the hundreds digit of 8217?
2
What is the thousands digit of 2612?
2
What is the hundreds digit of 87614?
6
What is the tens digit of 11465?
6
What is the tens digit of 1449?
4
What is the thousands digit of 1571?
1
What is the tens digit of 228?
2
What is the ten thousands digit of 32574?
3
What is the thousands digit of 169355?
9
What is the tens digit of 12998?
9
What is the tens digit of 35637?
3
What is the hundreds digit of 931?
9
What is the units digit of 285?
5
What is the units digit of 45?
5
What is the hundreds digit of 3853?
8
What is the hundreds digit of 5923?
9
What is the hundreds digit of 326?
3
What is the units digit of 577?
7
What is the units digit of 1306?
6
What is the ten thousands digit of 40667?
4
What is the thousands digit of 1552?
1
What is the tens digit of 1230?
3
What is the hundreds digit of 854?
8
What is the hundreds digit of 1698?
6
What is the tens digit of 1161?
6
What is the hundreds digit of 10481?
4
What is the hundreds digit of 2123?
1
What is the hundreds digit of 34236?
2
What is the tens digit of 117?
1
What is the units digit of 4835?
5
What is the units digit of 68813?
3
What is the units digit of 6401?
1
What is the tens digit of 1210?
1
What is the hundreds digit of 109069?
0
What is the units digit of 3808?
8
What is the thousands digit of 2644?
2
What is the units digit of 14023?
3
What is the ten thousands digit of 63466?
6
What is the tens digit of 5925?
2
What is the hundreds digit of 6380?
3
What is the thousands digit of 1188?
1
What is the units digit of 3686?
6
What is the hundreds digit of 181756?
7
What is the ten thousands digit of 20658?
2
What is the ten thousands digit of 50040?
5
What is the thousands digit of 7093?
7
What is the thousands digit of 27993?
7
What is the tens digit of 3174?
7
What is the thousands digit of 1303?
1
What is the units digit of 6613?
3
What is the tens digit of 875?
7
What is the hundreds digit of 4417?
4
What is the thousands digit of 2819?
2
What is the hundreds digit of 46146?
1
What is the hundreds digit of 67167?
1
What is the units digit of 4709?
9
What is the thousands digit of 3296?
3
What is the hundreds digit of 126943?
9
What is the units digi